{"id":1274,"date":"2025-07-11T10:04:27","date_gmt":"2025-07-11T10:04:27","guid":{"rendered":"http:\/\/tur.growbis.pl\/index.php\/zarzad\/"},"modified":"2025-07-11T10:04:36","modified_gmt":"2025-07-11T10:04:36","slug":"zarzad","status":"publish","type":"page","link":"https:\/\/tur.growbis.pl\/index.php\/zarzad\/","title":{"rendered":"Zarz\u0105d"},"content":{"rendered":"<div class=\"woocommerce\">\n  \n    <section class=\"u-clearfix u-section-1\" id=\"sec-81cc\">\n      <div class=\"u-clearfix u-sheet u-valign-middle u-sheet-1\">\n        <div class=\"data-layout-selected u-clearfix u-expanded-width u-gutter-20 u-layout-wrap u-layout-wrap-1\">\n          <div class=\"u-gutter-0 u-layout\">\n            <div class=\"u-layout-col\">\n              <div class=\"u-size-30\">\n                <div class=\"u-layout-row\">\n                  <div class=\"u-container-style u-custom-color-3 u-layout-cell u-radius u-shading u-size-20 u-layout-cell-1\">\n                    <div class=\"u-container-layout u-valign-top-lg u-valign-top-sm u-valign-top-xl u-valign-top-xs u-container-layout-1\">\n                      <h2 class=\"u-text u-text-default-lg u-text-default-xl u-text-1\">Zarz\u0105d<\/h2>\n                      <p class=\"u-text u-text-default u-text-2\"> Zarz\u0105d Klubu Sportowego Tur Jaktor\u00f3w to grupa zaanga\u017cowanych pasjonat\u00f3w pi\u0142ki no\u017cnej, kt\u00f3rej celem jest rozw\u00f3j sportu w naszej lokalnej spo\u0142eczno\u015bci. Dbamy o stabilne funkcjonowanie klubu, wspieramy szkolenie m\u0142odzie\u017cy oraz organizacj\u0119 rozgrywek na ka\u017cdym szczeblu. Nasz\u0105 misj\u0105 jest budowanie silnego, ambitnego zespo\u0142u, kt\u00f3ry godnie reprezentuje barwy niebiesko-\u017c\u00f3\u0142te zar\u00f3wno na boisku, jak i poza nim.<\/p>\n                    <\/div>\n                  <\/div>\n                  <div class=\"u-container-style u-layout-cell u-shape-rectangle u-size-20 u-layout-cell-2\">\n                    <div class=\"u-container-layout u-valign-middle-lg u-valign-middle-md u-valign-middle-sm u-valign-middle-xs u-container-layout-2\">\n                      <div class=\"custom-expanded u-image u-image-circle u-image-1\" alt=\"\" data-image-width=\"1024\" data-image-height=\"1024\" style=\"background-image: url(&quot;https:\/\/tur.growbis.pl\/wp-content\/uploads\/2025\/07\/Zarzdturmczyzna.png&quot;);\"><\/div>\n                      <h5 class=\"u-align-center u-text u-text-default u-text-3\">Bronis\u0142aw \u015awidlicki<\/h5>\n                      <h6 class=\"u-align-center u-text u-text-default u-text-4\">Prezes<\/h6>\n                    <\/div>\n                  <\/div>\n                  <div class=\"u-container-style u-layout-cell u-shape-rectangle u-size-20 u-layout-cell-3\">\n                    <div class=\"u-container-layout u-valign-middle-lg u-valign-middle-md u-valign-middle-sm u-valign-middle-xs u-valign-top-xl u-container-layout-3\">\n                      <div class=\"custom-expanded u-image u-image-circle u-preserve-proportions u-image-2\" alt=\"\" data-image-width=\"1024\" data-image-height=\"1024\" style=\"background-image: url(&quot;https:\/\/tur.growbis.pl\/wp-content\/uploads\/2025\/07\/Zarzdturmczyzna.png&quot;);\"><\/div>\n                      <h5 class=\"u-align-center u-text u-text-default u-text-5\">Robert&nbsp;\u015awier\u017cewski<\/h5>\n                      <h6 class=\"u-align-center u-text u-text-default u-text-6\">V-ce Prezes<\/h6>\n                    <\/div>\n                  <\/div>\n                <\/div>\n              <\/div>\n              <div class=\"u-size-30\">\n                <div class=\"u-layout-row\">\n                  <div class=\"u-container-align-center u-container-style u-layout-cell u-shape-rectangle u-size-20 u-layout-cell-4\">\n                    <div class=\"u-container-layout u-valign-bottom-xl u-valign-middle-lg u-valign-middle-md u-valign-middle-sm u-valign-middle-xs u-container-layout-4\">\n                      <div class=\"custom-expanded u-image u-image-circle u-preserve-proportions u-image-3\" alt=\"\" data-image-width=\"1024\" data-image-height=\"1024\" style=\"background-image: url(&quot;https:\/\/tur.growbis.pl\/wp-content\/uploads\/2025\/07\/Zarzdturmczyzna.png&quot;);\"><\/div>\n                      <h5 class=\"u-align-center u-text u-text-default u-text-7\">Marcin Skura<br>\n                      <\/h5>\n                      <h6 class=\"u-align-center u-text u-text-default u-text-8\"> V-ce Prezes<\/h6>\n                    <\/div>\n                  <\/div>\n                  <div class=\"u-container-align-center u-container-style u-layout-cell u-shape-rectangle u-size-20 u-layout-cell-5\">\n                    <div class=\"u-container-layout u-valign-bottom-xl u-valign-middle-lg u-valign-middle-md u-valign-middle-sm u-valign-middle-xs u-container-layout-5\">\n                      <div class=\"custom-expanded u-align-center u-image u-image-circle u-preserve-proportions u-image-4\" alt=\"\" data-image-width=\"1024\" data-image-height=\"1024\" style=\"background-image: url(&quot;https:\/\/tur.growbis.pl\/wp-content\/uploads\/2025\/07\/ZarzdTurKobieta.png&quot;);\"><\/div>\n                      <h5 class=\"u-align-center u-text u-text-default u-text-9\">Dorota Wac\u0142awek<\/h5>\n                      <h6 class=\"u-align-center u-text u-text-default u-text-10\">Cz\u0142onek<\/h6>\n                    <\/div>\n                  <\/div>\n                  <div class=\"u-container-align-center u-container-style u-layout-cell u-shape-rectangle u-size-20 u-layout-cell-6\">\n                    <div class=\"u-container-layout u-valign-top-lg u-valign-top-md u-valign-top-sm u-valign-top-xl u-valign-top-xs u-container-layout-6\">\n                      <div class=\"custom-expanded u-align-center u-image u-image-circle u-preserve-proportions u-image-5\" alt=\"\" data-image-width=\"1024\" data-image-height=\"1024\" style=\"background-image: url(&quot;https:\/\/tur.growbis.pl\/wp-content\/uploads\/2025\/07\/Zarzdturmczyzna.png&quot;);\"><\/div>\n                      <h5 class=\"u-align-center u-text u-text-default u-text-11\">Kamil Moszczy\u0144ski<\/h5>\n                      <h6 class=\"u-align-center u-text u-text-default u-text-12\">Cz\u0142onek<\/h6>\n                    <\/div>\n                  <\/div>\n                <\/div>\n              <\/div>\n            <\/div>\n          <\/div>\n        <\/div>\n      <\/div>\n    <\/section>\n    \n    \n    \n    \n    \n    \n  \n<\/div>","protected":false},"excerpt":{"rendered":"<p>Zarz\u0105d Zarz\u0105d Klubu Sportowego Tur Jaktor\u00f3w to grupa zaanga\u017cowanych pasjonat\u00f3w pi\u0142ki no\u017cnej, kt\u00f3rej celem jest rozw\u00f3j sportu w naszej lokalnej spo\u0142eczno\u015bci. Dbamy o stabilne funkcjonowanie klubu, wspieramy szkolenie m\u0142odzie\u017cy oraz organizacj\u0119 rozgrywek na ka\u017cdym szczeblu. Nasz\u0105 misj\u0105 jest budowanie silnego, ambitnego zespo\u0142u, kt\u00f3ry godnie reprezentuje barwy niebiesko-\u017c\u00f3\u0142te zar\u00f3wno na boisku, jak i poza nim. Bronis\u0142aw &hellip; <a href=\"https:\/\/tur.growbis.pl\/index.php\/zarzad\/\" class=\"more-link\">Continue reading<span class=\"screen-reader-text\"> &#8222;Zarz\u0105d&#8221;<\/span><\/a><\/p>\n","protected":false},"author":1,"featured_media":0,"parent":0,"menu_order":14,"comment_status":"closed","ping_status":"closed","template":"","meta":{"footnotes":""},"class_list":["post-1274","page","type-page","status-publish","hentry"],"_links":{"self":[{"href":"https:\/\/tur.growbis.pl\/index.php\/wp-json\/wp\/v2\/pages\/1274","targetHints":{"allow":["GET"]}}],"collection":[{"href":"https:\/\/tur.growbis.pl\/index.php\/wp-json\/wp\/v2\/pages"}],"about":[{"href":"https:\/\/tur.growbis.pl\/index.php\/wp-json\/wp\/v2\/types\/page"}],"author":[{"embeddable":true,"href":"https:\/\/tur.growbis.pl\/index.php\/wp-json\/wp\/v2\/users\/1"}],"replies":[{"embeddable":true,"href":"https:\/\/tur.growbis.pl\/index.php\/wp-json\/wp\/v2\/comments?post=1274"}],"version-history":[{"count":1,"href":"https:\/\/tur.growbis.pl\/index.php\/wp-json\/wp\/v2\/pages\/1274\/revisions"}],"predecessor-version":[{"id":1300,"href":"https:\/\/tur.growbis.pl\/index.php\/wp-json\/wp\/v2\/pages\/1274\/revisions\/1300"}],"wp:attachment":[{"href":"https:\/\/tur.growbis.pl\/index.php\/wp-json\/wp\/v2\/media?parent=1274"}],"curies":[{"name":"wp","href":"https:\/\/api.w.org\/{rel}","templated":true}]}}