{"id":1265,"date":"2025-07-11T10:04:18","date_gmt":"2025-07-11T10:04:18","guid":{"rendered":"http:\/\/tur.growbis.pl\/index.php\/trenerzy\/"},"modified":"2025-07-11T10:04:34","modified_gmt":"2025-07-11T10:04:34","slug":"trenerzy","status":"publish","type":"page","link":"https:\/\/tur.growbis.pl\/index.php\/trenerzy\/","title":{"rendered":"Trenerzy"},"content":{"rendered":"<div class=\"woocommerce\">\n  \n    <section class=\"u-clearfix u-section-1\" id=\"sec-81cc\">\n      <div class=\"u-clearfix u-sheet u-valign-middle u-sheet-1\">\n        <div class=\"data-layout-selected u-clearfix u-expanded-width u-gutter-20 u-layout-wrap u-layout-wrap-1\">\n          <div class=\"u-gutter-0 u-layout\">\n            <div class=\"u-layout-col\">\n              <div class=\"u-size-12\">\n                <div class=\"u-layout-row\">\n                  <div class=\"u-container-style u-custom-color-3 u-layout-cell u-radius u-shading u-size-20 u-layout-cell-1\">\n                    <div class=\"u-container-layout u-valign-top-lg u-valign-top-sm u-valign-top-xl u-valign-top-xs u-container-layout-1\">\n                      <h2 class=\"u-text u-text-default-lg u-text-default-xl u-text-1\">Nasi trenerzy<\/h2>\n                      <p class=\"u-text u-text-default u-text-2\"> Zesp\u00f3\u0142 naszych trener\u00f3w to do\u015bwiadczeni pasjonaci pi\u0142ki no\u017cnej, kt\u00f3rzy z zaanga\u017cowaniem rozwijaj\u0105 umiej\u0119tno\u015bci zawodnik\u00f3w na ka\u017cdym poziomie. \u0141\u0105cz\u0105c wiedz\u0119, empati\u0119 i profesjonalne podej\u015bcie, tworz\u0105 \u015brodowisko sprzyjaj\u0105ce rozwojowi sportowemu i osobistemu ka\u017cdego zawodnika.<\/p>\n                    <\/div>\n                  <\/div>\n                  <div class=\"u-container-style u-layout-cell u-shape-rectangle u-size-20 u-layout-cell-2\">\n                    <div class=\"u-container-layout u-valign-middle-lg u-valign-middle-md u-valign-middle-sm u-valign-middle-xs u-container-layout-2\">\n                      <div class=\"custom-expanded u-image u-image-circle u-preserve-proportions u-image-1\" alt=\"\" data-image-width=\"450\" data-image-height=\"300\" style=\"background-image: url(&quot;https:\/\/tur.growbis.pl\/wp-content\/uploads\/2025\/07\/Kacper2.webp&quot;);\"><\/div>\n                      <h5 class=\"u-align-center u-text u-text-default u-text-3\">Klimczak Kacper<\/h5>\n                      <h6 class=\"u-align-center u-text u-text-default u-text-4\">Prowadzi: <a href=\"http:\/\/tur.growbis.pl\/index.php\/akademia-2018\/\" class=\"u-active-none u-border-none u-btn u-button-link u-button-style u-hover-none u-none u-text-palette-1-base u-btn-1\" title=\"Akademia 2018\">Akademia<\/a>\n                      <\/h6>\n                    <\/div>\n                  <\/div>\n                  <div class=\"u-container-style u-layout-cell u-shape-rectangle u-size-20 u-layout-cell-3\">\n                    <div class=\"u-container-layout u-valign-bottom-xxl u-valign-middle-lg u-valign-middle-md u-valign-middle-sm u-valign-middle-xs u-valign-top-xl u-container-layout-3\">\n                      <div class=\"custom-expanded u-image u-image-circle u-preserve-proportions u-image-2\" alt=\"\" data-image-width=\"450\" data-image-height=\"300\" style=\"background-image: url(&quot;https:\/\/tur.growbis.pl\/wp-content\/uploads\/2025\/07\/BartomiejKogut1.webp&quot;);\"><\/div>\n                      <h5 class=\"u-align-center u-text u-text-default u-text-5\">Kogut Bart\u0142omiej<\/h5>\n                      <h6 class=\"u-align-center u-text u-text-default u-text-6\">Prowadzi: <a href=\"http:\/\/tur.growbis.pl\/index.php\/rocznik-2017-konrad\/\" class=\"u-active-none u-border-none u-btn u-button-link u-button-style u-hover-none u-none u-text-palette-1-base u-btn-2\" title=\"Rocznik 2017 Konrad\">Rocznik 2017<\/a>\n                      <\/h6>\n                      <a href=\"\" class=\"u-active-none u-align-center u-btn u-btn-rectangle u-button-style u-hover-none u-none u-btn-3\"><span class=\"u-icon\"><svg class=\"u-svg-content\" viewBox=\"0 0 405.333 405.333\" x=\"0px\" y=\"0px\" style=\"width: 1em; height: 1em;\"><path d=\"M373.333,266.88c-25.003,0-49.493-3.904-72.704-11.563c-11.328-3.904-24.192-0.896-31.637,6.699l-46.016,34.752    c-52.8-28.181-86.592-61.952-114.389-114.368l33.813-44.928c8.512-8.512,11.563-20.971,7.915-32.64    C142.592,81.472,138.667,56.96,138.667,32c0-17.643-14.357-32-32-32H32C14.357,0,0,14.357,0,32    c0,205.845,167.488,373.333,373.333,373.333c17.643,0,32-14.357,32-32V298.88C405.333,281.237,390.976,266.88,373.333,266.88z\"><\/path><\/svg><\/span>&nbsp;+48 536 995 517\n                      <\/a>\n                    <\/div>\n                  <\/div>\n                <\/div>\n              <\/div>\n              <div class=\"u-size-12\">\n                <div class=\"u-layout-row\">\n                  <div class=\"u-container-align-center u-container-style u-layout-cell u-shape-rectangle u-size-20 u-layout-cell-4\">\n                    <div class=\"u-container-layout u-valign-bottom-xl u-valign-middle-lg u-valign-middle-md u-valign-middle-sm u-valign-middle-xs u-container-layout-4\">\n                      <div class=\"custom-expanded u-image u-image-circle u-preserve-proportions u-image-3\" alt=\"\" data-image-width=\"450\" data-image-height=\"300\" style=\"background-image: url(&quot;https:\/\/tur.growbis.pl\/wp-content\/uploads\/2025\/07\/Piotr1.webp&quot;);\"><\/div>\n                      <h5 class=\"u-align-center u-text u-text-default u-text-7\">Piliszek Piotr<\/h5>\n                      <h6 class=\"u-align-center u-text u-text-default u-text-8\"> Prowadzi: <a href=\"http:\/\/tur.growbis.pl\/index.php\/rocznik-2015-2016-piotrek\/\" class=\"u-active-none u-border-none u-btn u-button-link u-button-style u-hover-none u-none u-text-palette-1-base u-btn-4\" title=\"Rocznik 2015-2016 Piotrek\">Rocznik 2015-2016<\/a>\n                      <\/h6>\n                      <a href=\"\" class=\"u-active-none u-btn u-btn-rectangle u-button-style u-hover-none u-none u-btn-5\"><span class=\"u-icon\"><svg class=\"u-svg-content\" viewBox=\"0 0 405.333 405.333\" x=\"0px\" y=\"0px\" style=\"width: 1em; height: 1em;\"><path d=\"M373.333,266.88c-25.003,0-49.493-3.904-72.704-11.563c-11.328-3.904-24.192-0.896-31.637,6.699l-46.016,34.752    c-52.8-28.181-86.592-61.952-114.389-114.368l33.813-44.928c8.512-8.512,11.563-20.971,7.915-32.64    C142.592,81.472,138.667,56.96,138.667,32c0-17.643-14.357-32-32-32H32C14.357,0,0,14.357,0,32    c0,205.845,167.488,373.333,373.333,373.333c17.643,0,32-14.357,32-32V298.88C405.333,281.237,390.976,266.88,373.333,266.88z\"><\/path><\/svg><\/span>&nbsp;+48 793 180 677\n                      <\/a>\n                    <\/div>\n                  <\/div>\n                  <div class=\"u-container-align-center u-container-style u-layout-cell u-shape-rectangle u-size-20 u-layout-cell-5\">\n                    <div class=\"u-container-layout u-valign-bottom-xl u-valign-middle-lg u-valign-middle-md u-valign-middle-sm u-valign-middle-xs u-container-layout-5\">\n                      <div class=\"custom-expanded u-align-center u-image u-image-circle u-preserve-proportions u-image-4\" alt=\"\" data-image-width=\"450\" data-image-height=\"300\" style=\"background-image: url(&quot;https:\/\/tur.growbis.pl\/wp-content\/uploads\/2025\/07\/Konrad.webp&quot;);\"><\/div>\n                      <h5 class=\"u-align-center u-text u-text-default u-text-9\">Skonieczny Konrad<\/h5>\n                      <h6 class=\"u-align-center u-text u-text-default u-text-10\"> Prowadzi:&nbsp;<br>\n                        <a href=\"http:\/\/tur.growbis.pl\/index.php\/rocznik-2017-konrad\/\" class=\"u-active-none u-border-none u-btn u-button-link u-button-style u-hover-none u-none u-text-palette-1-base u-btn-6\" title=\"Rocznik 2017 Konrad\">Rocznik 2017<\/a>\n                        <br>\n                        <a href=\"http:\/\/tur.growbis.pl\/index.php\/akademia-2018\/\" class=\"u-active-none u-border-none u-btn u-button-link u-button-style u-hover-none u-none u-text-palette-1-base u-btn-7\" title=\"Akademia 2018\">Akademia<\/a>\n                      <\/h6>\n                    <\/div>\n                  <\/div>\n                  <div class=\"u-container-align-center u-container-style u-layout-cell u-shape-rectangle u-size-20 u-layout-cell-6\">\n                    <div class=\"u-container-layout u-valign-top-lg u-valign-top-md u-valign-top-sm u-valign-top-xl u-valign-top-xs u-container-layout-6\">\n                      <div class=\"custom-expanded u-align-center u-image u-image-circle u-preserve-proportions u-image-5\" alt=\"\" data-image-width=\"450\" data-image-height=\"300\" style=\"background-image: url(&quot;https:\/\/tur.growbis.pl\/wp-content\/uploads\/2025\/07\/Kuba4.webp&quot;);\"><\/div>\n                      <h5 class=\"u-align-center u-text u-text-default u-text-11\">\u015awidlicki Jakub<\/h5>\n                      <h6 class=\"u-align-center u-text u-text-default u-text-12\"> Prowadzi:&nbsp;<br>\n                        <a href=\"http:\/\/tur.growbis.pl\/index.php\/rocznik-2013-2014-kuba\/\" class=\"u-active-none u-border-none u-btn u-button-link u-button-style u-hover-none u-none u-text-palette-1-base u-btn-8\" title=\"Rocznik 2013-2014 Kuba\">Rocznik 2013-2014<br>\n                        <\/a>\n                        <a href=\"http:\/\/tur.growbis.pl\/index.php\/rocznik-2015-2016-jakub\/\" class=\"u-active-none u-border-none u-btn u-button-link u-button-style u-hover-none u-none u-text-palette-1-base u-btn-9\" title=\"Rocznik 2015-2016 Jakub\">Rocznik 2015-2016<\/a>\n                      <\/h6>\n                      <a href=\"\" class=\"u-active-none u-btn u-btn-rectangle u-button-style u-hover-none u-none u-btn-10\"><span class=\"u-icon\"><svg class=\"u-svg-content\" viewBox=\"0 0 405.333 405.333\" x=\"0px\" y=\"0px\" style=\"width: 1em; height: 1em;\"><path d=\"M373.333,266.88c-25.003,0-49.493-3.904-72.704-11.563c-11.328-3.904-24.192-0.896-31.637,6.699l-46.016,34.752    c-52.8-28.181-86.592-61.952-114.389-114.368l33.813-44.928c8.512-8.512,11.563-20.971,7.915-32.64    C142.592,81.472,138.667,56.96,138.667,32c0-17.643-14.357-32-32-32H32C14.357,0,0,14.357,0,32    c0,205.845,167.488,373.333,373.333,373.333c17.643,0,32-14.357,32-32V298.88C405.333,281.237,390.976,266.88,373.333,266.88z\"><\/path><\/svg><\/span>&nbsp;+48 882 063 757\n                      <\/a>\n                    <\/div>\n                  <\/div>\n                <\/div>\n              <\/div>\n              <div class=\"u-size-12\">\n                <div class=\"u-layout-row\">\n                  <div class=\"u-container-align-center u-container-style u-layout-cell u-shape-rectangle u-size-20 u-layout-cell-7\">\n                    <div class=\"u-container-layout u-container-layout-7\">\n                      <div class=\"custom-expanded u-align-center u-image u-image-circle u-preserve-proportions u-image-6\" alt=\"\" data-image-width=\"450\" data-image-height=\"300\" style=\"background-image: url(&quot;https:\/\/tur.growbis.pl\/wp-content\/uploads\/2025\/07\/Krystian2.webp&quot;);\"><\/div>\n                      <h5 class=\"u-align-center u-text u-text-default u-text-13\">\u015awidlicki Krystian<\/h5>\n                      <h6 class=\"u-align-center u-text u-text-default u-text-14\"> Prowadzi:&nbsp;<br>\n                        <a href=\"http:\/\/tur.growbis.pl\/index.php\/rocznik-2013-2014-krystian\/\" class=\"u-active-none u-border-none u-btn u-button-link u-button-style u-hover-none u-none u-text-palette-1-base u-btn-11\" title=\"Rocznik 2013-2014 Krystian\">Rocznik 2013-2014<br>\n                        <\/a>\n                        <a href=\"http:\/\/tur.growbis.pl\/index.php\/rocznik-2015-2016-krystian\/\" class=\"u-active-none u-border-none u-btn u-button-link u-button-style u-hover-none u-none u-text-palette-1-base u-btn-12\" title=\"Rocznik 2015-2016 Krystian\">Rocznik 2015-2016<\/a>\n                      <\/h6>\n                      <a href=\"\" class=\"u-active-none u-btn u-btn-rectangle u-button-style u-hover-none u-none u-btn-13\"><span class=\"u-icon\"><svg class=\"u-svg-content\" viewBox=\"0 0 405.333 405.333\" x=\"0px\" y=\"0px\" style=\"width: 1em; height: 1em;\"><path d=\"M373.333,266.88c-25.003,0-49.493-3.904-72.704-11.563c-11.328-3.904-24.192-0.896-31.637,6.699l-46.016,34.752    c-52.8-28.181-86.592-61.952-114.389-114.368l33.813-44.928c8.512-8.512,11.563-20.971,7.915-32.64    C142.592,81.472,138.667,56.96,138.667,32c0-17.643-14.357-32-32-32H32C14.357,0,0,14.357,0,32    c0,205.845,167.488,373.333,373.333,373.333c17.643,0,32-14.357,32-32V298.88C405.333,281.237,390.976,266.88,373.333,266.88z\"><\/path><\/svg><\/span>&nbsp;+48 696 012 174\n                      <\/a>\n                    <\/div>\n                  <\/div>\n                  <div class=\"u-container-align-center u-container-style u-layout-cell u-shape-rectangle u-size-20 u-layout-cell-8\">\n                    <div class=\"u-container-layout u-valign-top u-container-layout-8\">\n                      <div class=\"custom-expanded u-align-center u-image u-image-circle u-preserve-proportions u-image-7\" alt=\"\" data-image-width=\"450\" data-image-height=\"300\" style=\"background-image: url(&quot;https:\/\/tur.growbis.pl\/wp-content\/uploads\/2025\/07\/Pawe1.webp&quot;);\"><\/div>\n                      <h5 class=\"u-align-center u-text u-text-default u-text-15\">\u015awietlicki Pawe\u0142<\/h5>\n                      <h6 class=\"u-align-center u-text u-text-default u-text-16\">Prowadzi:&nbsp;<a href=\"http:\/\/tur.growbis.pl\/index.php\/rocznik-2013-2014-pawel\/\" class=\"u-active-none u-border-none u-btn u-button-link u-button-style u-hover-none u-none u-text-palette-1-base u-btn-14\" title=\"Rocznik 2013-2014 Pawe\u0142\">Rocznik 2013-2014<\/a>\n                      <\/h6>\n                      <a href=\"\" class=\"u-active-none u-btn u-btn-rectangle u-button-style u-hover-none u-none u-btn-15\"><span class=\"u-icon\"><svg class=\"u-svg-content\" viewBox=\"0 0 405.333 405.333\" x=\"0px\" y=\"0px\" style=\"width: 1em; height: 1em;\"><path d=\"M373.333,266.88c-25.003,0-49.493-3.904-72.704-11.563c-11.328-3.904-24.192-0.896-31.637,6.699l-46.016,34.752    c-52.8-28.181-86.592-61.952-114.389-114.368l33.813-44.928c8.512-8.512,11.563-20.971,7.915-32.64    C142.592,81.472,138.667,56.96,138.667,32c0-17.643-14.357-32-32-32H32C14.357,0,0,14.357,0,32    c0,205.845,167.488,373.333,373.333,373.333c17.643,0,32-14.357,32-32V298.88C405.333,281.237,390.976,266.88,373.333,266.88z\"><\/path><\/svg><\/span>&nbsp;+48 516 423 363\n                      <\/a>\n                    <\/div>\n                  <\/div>\n                  <div class=\"u-container-align-center u-container-style u-layout-cell u-shape-rectangle u-size-20 u-layout-cell-9\">\n                    <div class=\"u-container-layout u-container-layout-9\">\n                      <div class=\"custom-expanded u-align-center u-image u-image-circle u-preserve-proportions u-image-8\" alt=\"\" data-image-width=\"450\" data-image-height=\"300\" style=\"background-image: url(&quot;https:\/\/tur.growbis.pl\/wp-content\/uploads\/2025\/07\/Mariusz3.webp&quot;);\"><\/div>\n                      <h5 class=\"u-align-center u-text u-text-default u-text-17\">Troszczy\u0144ski Mariusz<\/h5>\n                      <h6 class=\"u-align-center u-text u-text-default u-text-18\">Prowadzi:&nbsp;<a href=\"http:\/\/tur.growbis.pl\/index.php\/rocznik-2010-2011-mariusz\/\" class=\"u-active-none u-border-none u-btn u-button-link u-button-style u-hover-none u-none u-text-palette-1-base u-btn-16\" title=\"Rocznik 2010-2011 Mariusz\">Rocznik 2010-2011<\/a>\n                      <\/h6>\n                      <a href=\"\" class=\"u-active-none u-btn u-btn-rectangle u-button-style u-hover-none u-none u-btn-17\"><span class=\"u-icon\"><svg class=\"u-svg-content\" viewBox=\"0 0 405.333 405.333\" x=\"0px\" y=\"0px\" style=\"width: 1em; height: 1em;\"><path d=\"M373.333,266.88c-25.003,0-49.493-3.904-72.704-11.563c-11.328-3.904-24.192-0.896-31.637,6.699l-46.016,34.752    c-52.8-28.181-86.592-61.952-114.389-114.368l33.813-44.928c8.512-8.512,11.563-20.971,7.915-32.64    C142.592,81.472,138.667,56.96,138.667,32c0-17.643-14.357-32-32-32H32C14.357,0,0,14.357,0,32    c0,205.845,167.488,373.333,373.333,373.333c17.643,0,32-14.357,32-32V298.88C405.333,281.237,390.976,266.88,373.333,266.88z\"><\/path><\/svg><\/span>&nbsp;+48 883 311 747\n                      <\/a>\n                    <\/div>\n                  <\/div>\n                <\/div>\n              <\/div>\n              <div class=\"u-size-12\">\n                <div class=\"u-layout-row\">\n                  <div class=\"u-container-align-center u-container-style u-layout-cell u-shape-rectangle u-size-20 u-layout-cell-10\">\n                    <div class=\"u-container-layout u-container-layout-10\">\n                      <div class=\"custom-expanded u-align-center u-image u-image-circle u-preserve-proportions u-image-9\" alt=\"\" data-image-width=\"450\" data-image-height=\"300\" style=\"background-image: url(&quot;https:\/\/tur.growbis.pl\/wp-content\/uploads\/2025\/07\/BartomiejWarda2.webp&quot;);\"><\/div>\n                      <h5 class=\"u-align-center u-text u-text-default u-text-19\">Warda Bart\u0142omiej<\/h5>\n                      <h6 class=\"u-align-center u-text u-text-default u-text-20\">Prowadzi: <a href=\"http:\/\/tur.growbis.pl\/index.php\/rocznik-2010-2011-bartek-w\/\" class=\"u-active-none u-border-none u-btn u-button-link u-button-style u-hover-none u-none u-text-palette-1-base u-btn-18\" title=\"Rocznik 2010-2011 Bartek W\">Rocznik 2010-2011<\/a>\n                      <\/h6>\n                      <a href=\"\" class=\"u-active-none u-btn u-btn-rectangle u-button-style u-hover-none u-none u-btn-19\"><span class=\"u-icon\"><svg class=\"u-svg-content\" viewBox=\"0 0 405.333 405.333\" x=\"0px\" y=\"0px\" style=\"width: 1em; height: 1em;\"><path d=\"M373.333,266.88c-25.003,0-49.493-3.904-72.704-11.563c-11.328-3.904-24.192-0.896-31.637,6.699l-46.016,34.752    c-52.8-28.181-86.592-61.952-114.389-114.368l33.813-44.928c8.512-8.512,11.563-20.971,7.915-32.64    C142.592,81.472,138.667,56.96,138.667,32c0-17.643-14.357-32-32-32H32C14.357,0,0,14.357,0,32    c0,205.845,167.488,373.333,373.333,373.333c17.643,0,32-14.357,32-32V298.88C405.333,281.237,390.976,266.88,373.333,266.88z\"><\/path><\/svg><\/span>&nbsp;+48 791 808 828\n                      <\/a>\n                    <\/div>\n                  <\/div>\n                  <div class=\"u-container-style u-layout-cell u-shape-rectangle u-size-20 u-layout-cell-11\">\n                    <div class=\"u-container-layout u-container-layout-11\">\n                      <div class=\"custom-expanded u-align-center u-image u-image-circle u-preserve-proportions u-image-10\" alt=\"\" data-image-width=\"400\" data-image-height=\"600\" style=\"background-image: url(&quot;https:\/\/tur.growbis.pl\/wp-content\/uploads\/2025\/07\/Trener.webp&quot;);\"><\/div>\n                      <h5 class=\"u-align-center u-text u-text-default u-text-21\">Wawrzyniak Micha\u0142<\/h5>\n                      <h6 class=\"u-align-center u-text u-text-default u-text-22\">Trener Bramkarzy<\/h6>\n                    <\/div>\n                  <\/div>\n                  <div class=\"u-container-style u-image-round u-layout-cell u-shape-rectangle u-size-20 u-layout-cell-12\">\n                    <div class=\"u-container-layout u-container-layout-12\">\n                      <div class=\"custom-expanded u-align-center u-image u-image-circle u-preserve-proportions u-image-11\" alt=\"\" data-image-width=\"400\" data-image-height=\"600\" style=\"background-image: url(&quot;https:\/\/tur.growbis.pl\/wp-content\/uploads\/2025\/07\/Panitrener.webp&quot;);\"><\/div>\n                      <h5 class=\"u-align-center u-text u-text-default u-text-23\"> Gabrysia Mirecka&nbsp;<\/h5>\n                      <h6 class=\"u-align-center u-text u-text-default u-text-24\">\n                        <a href=\"http:\/\/tur.growbis.pl\/index.php\/pilka-reczna-2013-2014\/\" class=\"u-active-none u-border-none u-btn u-button-link u-button-style u-hover-none u-none u-text-palette-1-base u-btn-20\" title=\"Pi\u0142ka R\u0119czna 2013 - 2014\">Pi\u0142ka r\u0119czna 2013 - 2014<br>\n                        <\/a>\n                        <a href=\"http:\/\/tur.growbis.pl\/index.php\/pilka-reczna-2015-2017\/\" class=\"u-active-none u-border-none u-btn u-button-link u-button-style u-hover-none u-none u-text-palette-1-base u-btn-21\" title=\"Pi\u0142ka R\u0119czna 2015 - 2017\">Pi\u0142ka r\u0119czna 2015 - 2017<\/a>\n                      <\/h6>\n                      <a href=\"tel:696812933\" class=\"u-active-none u-btn u-btn-rectangle u-button-style u-hover-none u-none u-btn-22\"><span class=\"u-icon\"><svg class=\"u-svg-content\" viewBox=\"0 0 405.333 405.333\" x=\"0px\" y=\"0px\" style=\"width: 1em; height: 1em;\"><path d=\"M373.333,266.88c-25.003,0-49.493-3.904-72.704-11.563c-11.328-3.904-24.192-0.896-31.637,6.699l-46.016,34.752    c-52.8-28.181-86.592-61.952-114.389-114.368l33.813-44.928c8.512-8.512,11.563-20.971,7.915-32.64    C142.592,81.472,138.667,56.96,138.667,32c0-17.643-14.357-32-32-32H32C14.357,0,0,14.357,0,32    c0,205.845,167.488,373.333,373.333,373.333c17.643,0,32-14.357,32-32V298.88C405.333,281.237,390.976,266.88,373.333,266.88z\"><\/path><\/svg><\/span>&nbsp;+48 \u200b696 812 933\n                      <\/a>\n                    <\/div>\n                  <\/div>\n                <\/div>\n              <\/div>\n              <div class=\"u-size-12\">\n                <div class=\"u-layout-row\">\n                  <div class=\"u-container-style u-layout-cell u-size-20 u-layout-cell-13\">\n                    <div class=\"u-container-layout u-valign-bottom u-container-layout-13\">\n                      <div class=\"custom-expanded u-align-center u-image u-image-circle u-preserve-proportions u-image-12\" alt=\"\" data-image-width=\"400\" data-image-height=\"600\" style=\"background-image: url(&quot;https:\/\/tur.growbis.pl\/wp-content\/uploads\/2025\/07\/Panitrener.webp&quot;);\"><\/div>\n                      <h5 class=\"u-align-center u-text u-text-default u-text-25\"> Eliza Sztejna<\/h5>\n                      <h6 class=\"u-align-center u-text u-text-default u-text-26\">\n                        <a href=\"http:\/\/tur.growbis.pl\/index.php\/pilka-reczna-2011-2013\/\" class=\"u-active-none u-border-none u-btn u-button-link u-button-style u-hover-none u-none u-text-palette-1-base u-btn-23\" title=\"Pi\u0142ka R\u0119czna 2011 - 2013\">Pi\u0142ka r\u0119czna 2011 - 2013<br>\n                        <\/a>\n                        <a href=\"http:\/\/tur.growbis.pl\/index.php\/pilka-reczna-2015-2017\/\" class=\"u-active-none u-border-none u-btn u-button-link u-button-style u-hover-none u-none u-text-palette-1-base u-btn-24\" title=\"Pi\u0142ka R\u0119czna 2015 - 2017\">Pi\u0142ka r\u0119czna 2015 - 2019<\/a>\n                      <\/h6>\n                      <a href=\"tel:666658685\" class=\"u-active-none u-btn u-btn-rectangle u-button-style u-hover-none u-none u-btn-25\"><span class=\"u-icon\"><svg class=\"u-svg-content\" viewBox=\"0 0 405.333 405.333\" x=\"0px\" y=\"0px\" style=\"width: 1em; height: 1em;\"><path d=\"M373.333,266.88c-25.003,0-49.493-3.904-72.704-11.563c-11.328-3.904-24.192-0.896-31.637,6.699l-46.016,34.752    c-52.8-28.181-86.592-61.952-114.389-114.368l33.813-44.928c8.512-8.512,11.563-20.971,7.915-32.64    C142.592,81.472,138.667,56.96,138.667,32c0-17.643-14.357-32-32-32H32C14.357,0,0,14.357,0,32    c0,205.845,167.488,373.333,373.333,373.333c17.643,0,32-14.357,32-32V298.88C405.333,281.237,390.976,266.88,373.333,266.88z\"><\/path><\/svg><\/span>&nbsp;+48 \u200b666 658 685\n                      <\/a>\n                    <\/div>\n                  <\/div>\n                  <div class=\"u-container-style u-layout-cell u-size-20 u-layout-cell-14\">\n                    <div class=\"u-container-layout u-container-layout-14\"><\/div>\n                  <\/div>\n                  <div class=\"u-container-style u-layout-cell u-size-20 u-layout-cell-15\">\n                    <div class=\"u-container-layout u-container-layout-15\"><\/div>\n                  <\/div>\n                <\/div>\n              <\/div>\n            <\/div>\n          <\/div>\n        <\/div>\n      <\/div>\n    <\/section>\n    \n    \n    \n    \n    \n    \n  \n<\/div>","protected":false},"excerpt":{"rendered":"<p>Nasi trenerzy Zesp\u00f3\u0142 naszych trener\u00f3w to do\u015bwiadczeni pasjonaci pi\u0142ki no\u017cnej, kt\u00f3rzy z zaanga\u017cowaniem rozwijaj\u0105 umiej\u0119tno\u015bci zawodnik\u00f3w na ka\u017cdym poziomie. \u0141\u0105cz\u0105c wiedz\u0119, empati\u0119 i profesjonalne podej\u015bcie, tworz\u0105 \u015brodowisko sprzyjaj\u0105ce rozwojowi sportowemu i osobistemu ka\u017cdego zawodnika. Klimczak Kacper Prowadzi: Akademia Kogut Bart\u0142omiej Prowadzi: Rocznik 2017 &nbsp;+48 536 995 517 Piliszek Piotr Prowadzi: Rocznik 2015-2016 &nbsp;+48 793 180 &hellip; <a href=\"https:\/\/tur.growbis.pl\/index.php\/trenerzy\/\" class=\"more-link\">Continue reading<span class=\"screen-reader-text\"> &#8222;Trenerzy&#8221;<\/span><\/a><\/p>\n","protected":false},"author":1,"featured_media":0,"parent":0,"menu_order":5,"comment_status":"closed","ping_status":"closed","template":"","meta":{"footnotes":""},"class_list":["post-1265","page","type-page","status-publish","hentry"],"_links":{"self":[{"href":"https:\/\/tur.growbis.pl\/index.php\/wp-json\/wp\/v2\/pages\/1265","targetHints":{"allow":["GET"]}}],"collection":[{"href":"https:\/\/tur.growbis.pl\/index.php\/wp-json\/wp\/v2\/pages"}],"about":[{"href":"https:\/\/tur.growbis.pl\/index.php\/wp-json\/wp\/v2\/types\/page"}],"author":[{"embeddable":true,"href":"https:\/\/tur.growbis.pl\/index.php\/wp-json\/wp\/v2\/users\/1"}],"replies":[{"embeddable":true,"href":"https:\/\/tur.growbis.pl\/index.php\/wp-json\/wp\/v2\/comments?post=1265"}],"version-history":[{"count":1,"href":"https:\/\/tur.growbis.pl\/index.php\/wp-json\/wp\/v2\/pages\/1265\/revisions"}],"predecessor-version":[{"id":1291,"href":"https:\/\/tur.growbis.pl\/index.php\/wp-json\/wp\/v2\/pages\/1265\/revisions\/1291"}],"wp:attachment":[{"href":"https:\/\/tur.growbis.pl\/index.php\/wp-json\/wp\/v2\/media?parent=1265"}],"curies":[{"name":"wp","href":"https:\/\/api.w.org\/{rel}","templated":true}]}}