{"id":1263,"date":"2025-07-11T10:04:16","date_gmt":"2025-07-11T10:04:16","guid":{"rendered":"http:\/\/tur.growbis.pl\/index.php\/o-nas\/"},"modified":"2025-07-11T10:04:34","modified_gmt":"2025-07-11T10:04:34","slug":"o-nas","status":"publish","type":"page","link":"https:\/\/tur.growbis.pl\/index.php\/o-nas\/","title":{"rendered":"O nas"},"content":{"rendered":"<div class=\"woocommerce\">\n  \n    <section class=\"u-clearfix u-section-1\" id=\"sec-419b\">\n      <div class=\"u-clearfix u-sheet u-sheet-1\">\n        <h1 class=\"u-align-center u-text u-text-1\"> Ludowy Klub Sportowy \u201eTUR\u201d Jaktor\u00f3w<\/h1>\n        <div class=\"data-layout-selected u-clearfix u-expanded-width u-layout-wrap u-layout-wrap-1\">\n          <div class=\"u-gutter-0 u-layout\">\n            <div class=\"u-layout-row\">\n              <div class=\"u-size-30 u-size-60-md\">\n                <div class=\"u-layout-col\">\n                  <div class=\"u-size-60\">\n                    <div class=\"u-layout-row\">\n                      <div class=\"u-container-style u-layout-cell u-shape-rectangle u-size-60 u-layout-cell-1\">\n                        <div class=\"u-container-layout u-valign-top u-container-layout-1\">\n                          <p class=\"u-text u-text-default u-text-2\"> \u201eTUR\u201d Jaktor\u00f3w to stowarzyszenie z wieloletni\u0105 tradycj\u0105, kt\u00f3re dzia\u0142a na rzecz rozwoju kultury fizycznej, sportu i integracji spo\u0142eczno\u015bci lokalnej w gminie Jaktor\u00f3w i ca\u0142ej Polsce. Naszym celem jest promowanie aktywnego stylu \u017cycia w\u015br\u00f3d dzieci, m\u0142odzie\u017cy i doros\u0142ych, niezale\u017cnie od ich statusu spo\u0142ecznego. <br>\n                            <br>Dzia\u0142amy zgodnie z ustaw\u0105 o kulturze fizycznej oraz prawem o stowarzyszeniach, a nasza dzia\u0142alno\u015b\u0107 opiera si\u0119 na zasadach fair play, r\u00f3wno\u015bci szans i zaanga\u017cowania spo\u0142ecznego. Nasz herb przedstawia g\u0142ow\u0119 tura na czerwonym tle, a barwy klubowe to bia\u0142y, pomara\u0144czowy i niebieski.<br>\n                          <\/p>\n                        <\/div>\n                      <\/div>\n                    <\/div>\n                  <\/div>\n                <\/div>\n              <\/div>\n              <div class=\"u-size-30 u-size-60-md\">\n                <div class=\"u-layout-col\">\n                  <div class=\"u-container-style u-image u-layout-cell u-size-60 u-image-1\" data-image-width=\"1000\" data-image-height=\"563\" style=\"background-image: url(&quot;https:\/\/tur.growbis.pl\/wp-content\/uploads\/2025\/07\/OklubieTurJaktorw.webp&quot;);\">\n                    <div class=\"u-container-layout u-container-layout-2\"><\/div>\n                  <\/div>\n                <\/div>\n              <\/div>\n            <\/div>\n          <\/div>\n        <\/div>\n      <\/div>\n    <\/section>\n    <section class=\"u-clearfix u-section-2\" id=\"block-1\">\n      <div class=\"u-clearfix u-sheet u-sheet-1\">\n        <div class=\"data-layout-selected u-clearfix u-expanded-width u-layout-wrap u-layout-wrap-1\">\n          <div class=\"u-layout\">\n            <div class=\"u-layout-row\">\n              <div class=\"u-container-style u-image u-layout-cell u-size-30 u-image-1\" data-image-width=\"700\" data-image-height=\"467\" style=\"background-image: url(&quot;https:\/\/tur.growbis.pl\/wp-content\/uploads\/2025\/07\/TURJAKTORW-82.webp&quot;);\">\n                <div class=\"u-container-layout u-container-layout-1\"><\/div>\n              <\/div>\n              <div class=\"u-container-style u-layout-cell u-size-30 u-layout-cell-2\">\n                <div class=\"u-container-layout u-container-layout-2\">\n                  <h4 class=\"u-align-left u-text u-text-1\"> Nasze dzia\u0142ania obejmuj\u0105:<\/h4>\n                  <ul class=\"u-align-justify u-spacing-0 u-text u-text-2\">\n                    <li style=\"padding-left: 0px;\"> organizacj\u0119 trening\u00f3w sportowych, zawod\u00f3w i wydarze\u0144 rekreacyjnych<\/li>\n                    <li style=\"padding-left: 0px;\">udzia\u0142 w imprezach organizowanych przez zwi\u0105zki sportowe<\/li>\n                    <li style=\"padding-left: 0px;\">szkolenie trener\u00f3w, instruktor\u00f3w i opiekun\u00f3w<\/li>\n                    <li style=\"padding-left: 0px;\">wsp\u00f3\u0142prac\u0119 z lokalnymi instytucjami i firmami<\/li>\n                    <li style=\"padding-left: 0px;\">promocj\u0119 zdrowego stylu \u017cycia oraz wolontariatu&nbsp;<\/li>\n                    <li style=\"padding-left: 0px;\">wspieranie integracji europejskiej i ochrony dziedzictwa kulturowego i przyrodniczego<\/li>\n                  <\/ul>\n                <\/div>\n              <\/div>\n            <\/div>\n          <\/div>\n        <\/div>\n      <\/div>\n    <\/section>\n    <section class=\"u-clearfix u-section-3\" id=\"block-2\">\n      <div class=\"u-clearfix u-sheet u-sheet-1\">\n        <blockquote class=\"u-align-center u-text u-text-default u-text-1\"> Jeste\u015bmy wsp\u00f3lnot\u0105 otwart\u0105 na wszystkich, kt\u00f3rzy podzielaj\u0105 nasz\u0105 pasj\u0119 do sportu, wsp\u00f3lnoty i aktywno\u015bci spo\u0142ecznej. Cz\u0142onkowie LKS \u201eTUR\u201d Jaktor\u00f3w to nie tylko zawodnicy i trenerzy, ale tak\u017ce rodziny, sympatycy i wolontariusze, kt\u00f3rzy buduj\u0105 nasz\u0105 klubow\u0105 rodzin\u0119 ka\u017cdego dnia.&nbsp;<br>\n          <br>Do\u0142\u0105cz do nas i b\u0105d\u017a cz\u0119\u015bci\u0105 tej wyj\u0105tkowej inicjatywy!\n        <\/blockquote>\n        <h3 class=\"u-align-center u-text u-text-default u-text-2\">\n          <a class=\"u-active-none u-border-none u-btn u-button-link u-button-style u-file-link u-hover-none u-none u-text-palette-1-base u-btn-1\" href=\"https:\/\/tur.growbis.pl\/wp-content\/uploads\/2025\/07\/STATUT.pdf\">Statut Klubu<\/a>\n        <\/h3>\n      <\/div>\n    <\/section>\n    \n    \n    \n    \n    \n    \n  \n<\/div>","protected":false},"excerpt":{"rendered":"<p>Ludowy Klub Sportowy \u201eTUR\u201d Jaktor\u00f3w \u201eTUR\u201d Jaktor\u00f3w to stowarzyszenie z wieloletni\u0105 tradycj\u0105, kt\u00f3re dzia\u0142a na rzecz rozwoju kultury fizycznej, sportu i integracji spo\u0142eczno\u015bci lokalnej w gminie Jaktor\u00f3w i ca\u0142ej Polsce. Naszym celem jest promowanie aktywnego stylu \u017cycia w\u015br\u00f3d dzieci, m\u0142odzie\u017cy i doros\u0142ych, niezale\u017cnie od ich statusu spo\u0142ecznego. Dzia\u0142amy zgodnie z ustaw\u0105 o kulturze fizycznej oraz &hellip; <a href=\"https:\/\/tur.growbis.pl\/index.php\/o-nas\/\" class=\"more-link\">Continue reading<span class=\"screen-reader-text\"> &#8222;O nas&#8221;<\/span><\/a><\/p>\n","protected":false},"author":1,"featured_media":0,"parent":0,"menu_order":3,"comment_status":"closed","ping_status":"closed","template":"","meta":{"footnotes":""},"class_list":["post-1263","page","type-page","status-publish","hentry"],"_links":{"self":[{"href":"https:\/\/tur.growbis.pl\/index.php\/wp-json\/wp\/v2\/pages\/1263","targetHints":{"allow":["GET"]}}],"collection":[{"href":"https:\/\/tur.growbis.pl\/index.php\/wp-json\/wp\/v2\/pages"}],"about":[{"href":"https:\/\/tur.growbis.pl\/index.php\/wp-json\/wp\/v2\/types\/page"}],"author":[{"embeddable":true,"href":"https:\/\/tur.growbis.pl\/index.php\/wp-json\/wp\/v2\/users\/1"}],"replies":[{"embeddable":true,"href":"https:\/\/tur.growbis.pl\/index.php\/wp-json\/wp\/v2\/comments?post=1263"}],"version-history":[{"count":1,"href":"https:\/\/tur.growbis.pl\/index.php\/wp-json\/wp\/v2\/pages\/1263\/revisions"}],"predecessor-version":[{"id":1289,"href":"https:\/\/tur.growbis.pl\/index.php\/wp-json\/wp\/v2\/pages\/1263\/revisions\/1289"}],"wp:attachment":[{"href":"https:\/\/tur.growbis.pl\/index.php\/wp-json\/wp\/v2\/media?parent=1263"}],"curies":[{"name":"wp","href":"https:\/\/api.w.org\/{rel}","templated":true}]}}