{"id":1271,"date":"2025-07-11T10:04:24","date_gmt":"2025-07-11T10:04:24","guid":{"rendered":"http:\/\/tur.growbis.pl\/index.php\/pilka-reczna-2015-2017\/"},"modified":"2025-07-11T10:04:35","modified_gmt":"2025-07-11T10:04:35","slug":"pilka-reczna-2015-2017","status":"publish","type":"page","link":"http:\/\/tur.growbis.pl\/index.php\/pilka-reczna-2015-2017\/","title":{"rendered":"Pi\u0142ka R\u0119czna 2015 &#8211; 2017"},"content":{"rendered":"<div class=\"woocommerce\">\n  \n    <section class=\"skrollable u-clearfix u-custom-color-11 u-uploaded-video u-valign-bottom-lg u-valign-bottom-xl u-valign-middle-sm u-valign-top-xxl u-section-1\" id=\"sec-e2a4\">\n      <img decoding=\"async\" class=\"u-expanded-width u-image u-image-1\" src=\"http:\/\/tur.growbis.pl\/wp-content\/uploads\/2025\/07\/Pikarczna.webp\" data-image-width=\"1536\" data-image-height=\"1024\">\n      <div class=\"u-container-style u-custom-color-11 u-group u-radius u-shape-round u-group-1\" data-animation-name=\"customAnimationIn\" data-animation-duration=\"1500\" data-animation-delay=\"500\">\n        <div class=\"u-container-layout u-container-layout-1\">\n          <h2 class=\"u-align-left u-text u-text-1\"> Pi\u0142ka r\u0119czna<br>2011 -2013<br style=\"\">\n          <\/h2>\n          <p class=\"u-align-justify u-custom-font u-heading-font u-text u-text-2\"> Szukamy pe\u0142nych energii dziewcz\u0105t i ch\u0142opc\u00f3w z rocznika 2015\/2016\/2017, kt\u00f3rzy chc\u0105 rozpocz\u0105\u0107 swoj\u0105 przygod\u0119 z pi\u0142k\u0105 r\u0119czn\u0105!<br> W Akademii Tur Jaktor\u00f3w stawiamy na ruch, wsp\u00f3\u0142prac\u0119 i \u015bwietn\u0105 zabaw\u0119. Nie musisz mie\u0107 do\u015bwiadczenia \u2013 liczy si\u0119 zapa\u0142, pozytywne nastawienie i u\u015bmiech! Przyjd\u017a na trening i przekonaj si\u0119, jak fajna jest dru\u017cynowa gra!\n          <\/p>\n        <\/div>\n      <\/div>\n    <\/section>\n    <section class=\"u-clearfix u-white u-section-2\" id=\"sec-21af\">\n      <div class=\"u-clearfix u-sheet u-sheet-1\">\n        <div class=\"data-layout-selected u-clearfix u-expanded-width u-gutter-30 u-layout-wrap u-layout-wrap-1\">\n          <div class=\"u-gutter-0 u-layout\">\n            <div class=\"u-layout-row\">\n              <div class=\"u-align-center u-container-align-center u-container-style u-image u-layout-cell u-size-15 u-size-20-md u-image-1\" style=\"background-image: url(&quot;http:\/\/tur.growbis.pl\/wp-content\/uploads\/2025\/07\/Panitrener.webp&quot;);\">\n                <div class=\"u-container-layout u-container-layout-1\" src=\"\"><\/div>\n              <\/div>\n              <div class=\"u-align-center u-container-align-center u-container-style u-layout-cell u-size-15 u-size-20-md u-white u-layout-cell-2\">\n                <div class=\"u-container-layout u-valign-middle-lg u-valign-middle-md u-valign-middle-sm u-valign-middle-xs u-valign-middle-xxl u-container-layout-2\">\n                  <h2 class=\"u-align-center-md u-align-center-sm u-align-center-xs u-text u-text-1\"> Eliza Sztejna<\/h2>\n                  <p class=\"u-align-center-md u-align-center-sm u-align-center-xs u-text u-text-2\"><span class=\"u-file-icon u-icon\"><img decoding=\"async\" src=\"http:\/\/tur.growbis.pl\/wp-content\/uploads\/2025\/07\/1257.png\" alt=\"\"><\/span>&nbsp;<a href=\"tel:666658685\" class=\"u-active-none u-border-none u-btn u-button-link u-button-style u-hover-none u-none u-text-body-color u-btn-1\">+48 \u200b\u200b666 658 685<\/a>\n                  <\/p>\n                  <p class=\"u-align-center-md u-align-center-sm u-align-center-xs u-text u-text-3\"><span class=\"u-file-icon u-icon\"><img decoding=\"async\" src=\"http:\/\/tur.growbis.pl\/wp-content\/uploads\/2025\/07\/646094.png\" alt=\"\"><\/span>&nbsp;<a href=\"mailto:trener@xn--turjaktorw-obb.pl\" class=\"u-active-none u-border-none u-btn u-button-link u-button-style u-hover-none u-none u-text-body-color u-btn-2\">trener@turjaktor\u00f3w.pl<\/a>\n                  <\/p>\n                <\/div>\n              <\/div>\n              <div class=\"u-container-style u-layout-cell u-shape-rectangle u-size-15 u-size-20-md u-layout-cell-3\">\n                <div class=\"u-container-layout u-valign-middle u-container-layout-3\">\n                  <h2 class=\"u-align-center u-text u-text-4\"> Gabrysia Mirecka&nbsp;<\/h2>\n                  <p class=\"u-align-center u-text u-text-5\"><span class=\"u-file-icon u-icon\"><img decoding=\"async\" src=\"http:\/\/tur.growbis.pl\/wp-content\/uploads\/2025\/07\/1257.png\" alt=\"\"><\/span>&nbsp;<a href=\"tel:696812933\" class=\"u-active-none u-border-none u-btn u-button-link u-button-style u-hover-none u-none u-text-body-color u-btn-3\">+48 \u200b\u200b\u200b696 812 933<\/a>\n                  <\/p>\n                  <p class=\"u-align-center u-text u-text-6\"><span class=\"u-file-icon u-icon\"><img decoding=\"async\" src=\"http:\/\/tur.growbis.pl\/wp-content\/uploads\/2025\/07\/646094.png\" alt=\"\"><\/span>&nbsp;<a href=\"mailto:trener@xn--turjaktorw-obb.pl\" class=\"u-active-none u-border-none u-btn u-button-link u-button-style u-hover-none u-none u-text-body-color u-btn-4\">trener@turjaktor\u00f3w.pl<\/a>\n                  <\/p>\n                <\/div>\n              <\/div>\n              <div class=\"u-container-style u-layout-cell u-size-15 u-size-60-md u-layout-cell-4\">\n                <div class=\"u-container-layout u-valign-middle u-container-layout-4\">\n                  <h2 class=\"u-align-center u-text u-text-7\">Treningi<\/h2>\n                  <p class=\"u-align-center u-text u-text-8\">\u015aroda<br>17:00\n                  <\/p>\n                  <p class=\"u-align-center u-text u-text-9\">Sobota<br>9:00&nbsp;\n                  <\/p>\n                <\/div>\n              <\/div>\n            <\/div>\n          <\/div>\n        <\/div>\n      <\/div>\n    <\/section>\n    <section class=\"u-align-center u-clearfix u-container-align-center u-valign-middle u-white u-section-3\" id=\"sec-3056\">\n      <div class=\"u-expanded-width u-gallery u-layout-horizontal u-lightbox u-no-transition u-show-text-none u-gallery-1\" id=\"carousel-69a9\">\n        <div class=\"u-gallery-inner u-gallery-inner-1\" role=\"listbox\"><div class=\"u-effect-hover-zoom u-gallery-item u-gallery-item-1\"><div class=\"u-back-slide\" data-image-width=\"1536\" data-image-height=\"2048\"><img decoding=\"async\" class=\"u-back-image\" src=\"http:\/\/tur.growbis.pl\/wp-content\/uploads\/2025\/07\/483463076_1205842784880349_4233543012835293695_n.jpg\">\n<\/div><div class=\"u-over-slide u-shading u-over-slide-1\"><\/div>\n<\/div><div class=\"u-effect-hover-zoom u-gallery-item u-gallery-item-2\"><div class=\"u-back-slide\" data-image-width=\"2048\" data-image-height=\"1536\"><img decoding=\"async\" class=\"u-back-image\" src=\"http:\/\/tur.growbis.pl\/wp-content\/uploads\/2025\/07\/482085932_1205842494880378_6595746347528857520_n.jpg\">\n<\/div><div class=\"u-over-slide u-shading u-over-slide-2\"><\/div>\n<\/div><div class=\"u-effect-hover-zoom u-gallery-item u-gallery-item-3\"><div class=\"u-back-slide\" data-image-width=\"1006\" data-image-height=\"1000\"><img decoding=\"async\" class=\"u-back-image\" src=\"http:\/\/tur.growbis.pl\/wp-content\/uploads\/2025\/07\/486649077_1221280290003265_5988259260098525700_n.webp\">\n<\/div><div class=\"u-over-slide u-shading u-over-slide-3\"><\/div>\n<\/div><div class=\"u-effect-hover-zoom u-gallery-item u-gallery-item-4\"><div class=\"u-back-slide\" data-image-width=\"1283\" data-image-height=\"1000\"><img decoding=\"async\" class=\"u-back-image\" src=\"http:\/\/tur.growbis.pl\/wp-content\/uploads\/2025\/07\/487750793_1222910859840208_7841433646962818639_nkopia.webp\">\n<\/div><div class=\"u-over-slide u-shading u-over-slide-4\"><\/div>\n<\/div><div class=\"u-effect-hover-zoom u-gallery-item u-gallery-item-5\"><div class=\"u-back-slide\" data-image-width=\"2048\" data-image-height=\"1536\"><img decoding=\"async\" class=\"u-back-image\" src=\"http:\/\/tur.growbis.pl\/wp-content\/uploads\/2025\/07\/480484015_1194549689342992_9127148945981584721_n.jpg\">\n<\/div><div class=\"u-over-slide u-shading u-over-slide-5\"><\/div>\n<\/div><\/div>\n        <a class=\"u-absolute-vcenter u-gallery-nav u-gallery-nav-prev u-grey-70 u-icon-circle u-opacity u-opacity-70 u-spacing-10 u-text-white u-gallery-nav-1\" href=\"#\" role=\"button\"><span aria-hidden=\"true\">\n            <svg viewBox=\"0 0 451.847 451.847\"><path d=\"M97.141,225.92c0-8.095,3.091-16.192,9.259-22.366L300.689,9.27c12.359-12.359,32.397-12.359,44.751,0\nc12.354,12.354,12.354,32.388,0,44.748L173.525,225.92l171.903,171.909c12.354,12.354,12.354,32.391,0,44.744\nc-12.354,12.365-32.386,12.365-44.745,0l-194.29-194.281C100.226,242.115,97.141,234.018,97.141,225.92z\"><\/path><\/svg><\/span><span class=\"sr-only\">\n            <svg viewBox=\"0 0 451.847 451.847\"><path d=\"M97.141,225.92c0-8.095,3.091-16.192,9.259-22.366L300.689,9.27c12.359-12.359,32.397-12.359,44.751,0\nc12.354,12.354,12.354,32.388,0,44.748L173.525,225.92l171.903,171.909c12.354,12.354,12.354,32.391,0,44.744\nc-12.354,12.365-32.386,12.365-44.745,0l-194.29-194.281C100.226,242.115,97.141,234.018,97.141,225.92z\"><\/path><\/svg><\/span>\n        <\/a>\n        <a class=\"u-absolute-vcenter u-gallery-nav u-gallery-nav-next u-grey-70 u-icon-circle u-opacity u-opacity-70 u-spacing-10 u-text-white u-gallery-nav-2\" href=\"#\" role=\"button\"><span aria-hidden=\"true\">\n            <svg viewBox=\"0 0 451.846 451.847\"><path d=\"M345.441,248.292L151.154,442.573c-12.359,12.365-32.397,12.365-44.75,0c-12.354-12.354-12.354-32.391,0-44.744\nL278.318,225.92L106.409,54.017c-12.354-12.359-12.354-32.394,0-44.748c12.354-12.359,32.391-12.359,44.75,0l194.287,194.284\nc6.177,6.18,9.262,14.271,9.262,22.366C354.708,234.018,351.617,242.115,345.441,248.292z\"><\/path><\/svg><\/span><span class=\"sr-only\">\n            <svg viewBox=\"0 0 451.846 451.847\"><path d=\"M345.441,248.292L151.154,442.573c-12.359,12.365-32.397,12.365-44.75,0c-12.354-12.354-12.354-32.391,0-44.744\nL278.318,225.92L106.409,54.017c-12.354-12.359-12.354-32.394,0-44.748c12.354-12.359,32.391-12.359,44.75,0l194.287,194.284\nc6.177,6.18,9.262,14.271,9.262,22.366C354.708,234.018,351.617,242.115,345.441,248.292z\"><\/path><\/svg><\/span>\n        <\/a>\n      <\/div>\n    <\/section>\n    \n    \n    \n    \n    \n    \n  \n<\/div>","protected":false},"excerpt":{"rendered":"<p>Pi\u0142ka r\u0119czna2011 -2013 Szukamy pe\u0142nych energii dziewcz\u0105t i ch\u0142opc\u00f3w z rocznika 2015\/2016\/2017, kt\u00f3rzy chc\u0105 rozpocz\u0105\u0107 swoj\u0105 przygod\u0119 z pi\u0142k\u0105 r\u0119czn\u0105! W Akademii Tur Jaktor\u00f3w stawiamy na ruch, wsp\u00f3\u0142prac\u0119 i \u015bwietn\u0105 zabaw\u0119. Nie musisz mie\u0107 do\u015bwiadczenia \u2013 liczy si\u0119 zapa\u0142, pozytywne nastawienie i u\u015bmiech! Przyjd\u017a na trening i przekonaj si\u0119, jak fajna jest dru\u017cynowa gra! Eliza &hellip; <a href=\"http:\/\/tur.growbis.pl\/index.php\/pilka-reczna-2015-2017\/\" class=\"more-link\">Continue reading<span class=\"screen-reader-text\"> &#8222;Pi\u0142ka R\u0119czna 2015 &#8211; 2017&#8221;<\/span><\/a><\/p>\n","protected":false},"author":1,"featured_media":0,"parent":0,"menu_order":11,"comment_status":"closed","ping_status":"closed","template":"","meta":{"footnotes":""},"class_list":["post-1271","page","type-page","status-publish","hentry"],"_links":{"self":[{"href":"http:\/\/tur.growbis.pl\/index.php\/wp-json\/wp\/v2\/pages\/1271","targetHints":{"allow":["GET"]}}],"collection":[{"href":"http:\/\/tur.growbis.pl\/index.php\/wp-json\/wp\/v2\/pages"}],"about":[{"href":"http:\/\/tur.growbis.pl\/index.php\/wp-json\/wp\/v2\/types\/page"}],"author":[{"embeddable":true,"href":"http:\/\/tur.growbis.pl\/index.php\/wp-json\/wp\/v2\/users\/1"}],"replies":[{"embeddable":true,"href":"http:\/\/tur.growbis.pl\/index.php\/wp-json\/wp\/v2\/comments?post=1271"}],"version-history":[{"count":1,"href":"http:\/\/tur.growbis.pl\/index.php\/wp-json\/wp\/v2\/pages\/1271\/revisions"}],"predecessor-version":[{"id":1297,"href":"http:\/\/tur.growbis.pl\/index.php\/wp-json\/wp\/v2\/pages\/1271\/revisions\/1297"}],"wp:attachment":[{"href":"http:\/\/tur.growbis.pl\/index.php\/wp-json\/wp\/v2\/media?parent=1271"}],"curies":[{"name":"wp","href":"https:\/\/api.w.org\/{rel}","templated":true}]}}